34 = 0. What is the units digit of l?
1
Let x(b) = -149*b + 7. Let f be x(11). Let j(d) = d + 28. Let h be j(-21). What is the units digit of f/(-28) - 2/h?
8
Let u = 54 + -52. Suppose -8 = -u*n, -s - 366 = -3*s + 4*n. What is the hundreds digit of s?
1
Let a(w) = -2*w**3 - 26*w**2 - 53*w - 42. What is the units digit of a(-18)?
2
Let q be (-12)/(1 - 1/(-2)). Let u(n) = -n - 3*n + 31 - 58 + 13. What is the tens digit of u(q)?
1
Suppose 4*f - 6745 = -4*k + 7147, 2*f = -3*k + 10415. What is the hundreds digit of k?
4
Suppose 23*q = 21*q + 78. What is the units digit of q?
9
Suppose -7*j + 36 = -3*j. Suppose 3*k - j = 6. Suppose 0 = k*l + 3*i - 101, 0 = -3*i - 0 - 9. What is the units digit of l?
2
Let r(m) = m**2 + 6*m + 5. Let d be r(-3). Suppose 3*h = 5*p - 47 - 28, -4*h = -5*p + 75. Let q = p + d. What is the units digit of q?
1
Let a(c) = -c + 14. Let g be a(9). Suppose -g*x = -2*x - 207. Suppose -z + 4*z = x. What is the units digit of z?
3
What is the hundreds digit of 25/(-5) - 550*(-78)/12?
5
Let d(o) = -98*o**3 - o**2 - 11*o - 4. What is the units digit of d(-3)?
6
Suppose 3*v + 208 = v. Let i = -41 + v. What is the tens digit of i/(-5) + -1 + 2?
3
Let u = -29 - -31. Let z(x) = 4*x - 5. What is the units digit of z(u)?
3
Suppose 3*t - 4*s = 4479, -3671 - 3799 = -5*t + 5*s. What is the tens digit of t?
9
Let a(w) = 14*w**2 + 2*w + 2. Let t be a(-1). Let n be (5/2)/(3/(-6)). Let z = t + n. What is the units digit of z?
9
Let z(k) = 4*k**2 + 8*k + 182. What is the units digit of z(-9)?
4
Let w = -276 + 707. What is the hundreds digit of w?
4
Suppose -2*w = 6*o - o - 239, -4*w - 5*o + 483 = 0. What is the units digit of w?
2
Let a(r) = -17*r - 23. Let t be a(-11). Suppose 3*m = 271 + t. What is the hundreds digit of m?
1
Let t(m) = -14*m - 7. Let y be t(-7). Suppose 2*w + y = a, a + 3*a = -2*w + 314. What is the tens digit of a?
8
Let f(r) = 148*r - 110. What is the units digit of f(7)?
6
Let d = -65 + 65. What is the units digit of (-879)/6*(-2 - d)?
3
Let r(j) = -3*j**3 + 2*j**2 + j - 1. Let p be r(2). Let d(w) = 2*w**2 + 18*w - 28. What is the units digit of d(p)?
2
Let f(r) = -28*r - 122. What is the hundreds digit of f(-40)?
9
Suppose 7 = -5*a - 5*u - 8, 5*a - 5*u - 35 = 0. Suppose -d + 1 = -a. What is the tens digit of (-1)/(d/(-51)*1)?
1
Let v = -222 - -446. What is the units digit of v?
4
Let s = -17 + 31. Suppose -i + s = -7. What is the tens digit of i?
2
Let o(s) = -19*s + 11. Suppose -3*d = 3*i + 24, -5*i + 5*d = -3*i + 37. What is the hundreds digit of o(i)?
2
Let g = -2327 + 3934. What is the units digit of g?
7
Suppose 45*x = 40*x + 1755. What is the tens digit of x?
5
Let n(g) = -48*g**3 + 3*g**2 + 13*g - 9. What is the hundreds digit of n(-3)?
2
What is the thousands digit of (-2095)/2*(-120)/50?
2
Suppose -4*x + 263 = -4*d - 81, -5*x + 3*d = -426. What is the units digit of x?
4
Let y(g) = -359*g**3 - 3*g**2 - 2*g. What is the tens digit of y(-1)?
5
Let p = 610 + -347. What is the tens digit of p?
6
Suppose 0 = -4*d + 47 - 7. Suppose 4 - d = -2*o. Suppose -o*r + 84 = -6. What is the units digit of r?
0
What is the units digit of 16/(-12)*6444/(-16)?
7
Let d(t) = t**3 + 6*t**2 - 9*t. Suppose 12*i - 7*i = -25. What is the tens digit of d(i)?
7
Let c(d) = -796*d - 103. What is the tens digit of c(-2)?
8
What is the units digit of 14 + (-576)/42 + (-6338)/(-14)?
3
What is the units digit of (-65)/5 + (3136 - 32)?
1
Let x be -2 + (-2 - -4) + 0. Suppose x = -0*v + 4*v - 56. Let f = v - 10. What is the units digit of f?
4
Let s be 41/4 + (-1)/4. Suppose s = -z + 79. Suppose -5*y + 3*x = -171, -2*y + 3*x = 2*x - z. What is the tens digit of y?
3
Suppose 4*p = -2*x + 170, -4*p - p + 216 = -x. Suppose -p = -2*l + 25. What is the units digit of l?
4
Let k be ((-153)/(-85))/((-3)/(-10)). Suppose 3*l - 1 + k = -2*m, -l = -5*m + 30. Suppose 0 = -m*x + 38 + 42. What is the units digit of x?
6
Let u(a) = 8*a**2 + 6*a + 17. Let b be u(6). Suppose -2*g - 3*y = -g - 80, 0 = -4*g - 5*y + b. What is the units digit of g?
9
Let j = -1192 + 1899. What is the units digit of j?
7
Let f(t) = t**3 + 23*t**2 + 22*t + 29. Let k be f(-22). Suppose -k*y - 210 = -32*y. What is the units digit of y?
0
Let y = -1067 - -1776. What is the tens digit of y?
0
Suppose 21*v - 16258 = -6052. What is the hundreds digit of v?
4
Let v(n) = 239*n - 901. What is the units digit of v(17)?
2
Suppose 5 = -17*d + 16*d. What is the units digit of (10 + -215)*2/d?
2
What is the units digit of 8 + 32/(-4) + 0 + 464?
4
What is the hundreds digit of (-318)/5*(1 - (-4 + 10))?
3
Suppose -8*q + 22 = 6. Let w = 6 + -4. Suppose -5*i - q*p + 72 = 0, 2*p + 26 = w*i - 0*i. What is the tens digit of i?
1
Let i(w) = w**3 + 25*w**2 - 29*w + 23. What is the thousands digit of i(-14)?
2
Suppose 25 = 4*l - 3. Suppose 3*w + 20 = 8*w. Let x = l - w. What is the units digit of x?
3
Let k(u) = -6*u - 14. Let l be k(-3). Suppose -l*o + 12 = 2*s - 22, -2*s + 37 = 3*o. What is the units digit of s?
3
Let u(y) be the third derivative of 3*y**5/20 - 3*y**4/8 - y**3/3 + 37*y**2. What is the hundreds digit of u(5)?
1
Let o(v) = -v**3 + 13*v**2 - 12*v - 3. Let y be o(12). Let d(j) = j + 6. Let i be d(y). Let m = i + 49. What is the units digit of m?
2
Let z(x) = x**2 - 3*x - 13. Let b be z(6). Suppose -8 = -4*s, 5*c - b*s - 181 = -3*s. What is the units digit of c?
7
Let d = -1073 + 1503. What is the hundreds digit of d?
4
Let a = -1 + 3. Let u(j) = -3*j**3 + 1 - 2*j - j**3 - 2*j**a + 6*j + 3*j**3. What is the tens digit of u(-4)?
1
Suppose 0 = 2*n - 336 - 76. Suppose 3*h - 2*h = n. What is the hundreds digit of h?
2
Suppose -5*z + 53 = 3*o - 403, 0 = -2*z + 2*o + 192. What is the tens digit of z?
9
Let d be (-4)/(7/((-7)/2)). Let o(j) = j. Let k be o(d). Let i(m) = 18*m - 3. What is the units digit of i(k)?
3
Let y(n) be the first derivative of -7*n**2 - 19*n - 36. What is the units digit of y(-13)?
3
Let g = -547 - -651. What is the hundreds digit of g?
1
Suppose -h - 5*t = -2418, t + 2*t = 4*h - 9741. What is the tens digit of h?
3
Suppose 3*w + 4*z - 18 = -9, -4*z - 40 = -4*w. What is the hundreds digit of (-4954)/(-30) - w*10/525?
1
Let s(v) = 6*v - 6*v + 9 - 2*v - 4*v. What is the tens digit of s(-9)?
6
Suppose 3*h - 4*p = p + 50, 5*p - 40 = -3*h. Suppose 0 = -3*o + h - 3. Suppose -o + 9 = 5*n. What is the units digit of n?
1
Suppose -2*q = -20 - 4. Let z(f) = 71*f**2 + 14*f + 10 - 36*f**2 - 36*f**2. What is the units digit of z(q)?
4
Suppose -96*f + 38649 = -7527. What is the hundreds digit of f?
4
Let c be 100*(132/8 - 0). Suppose 7*x - 800 = c. Suppose -2*w = -2*z - 0*z - 140, 0 = 5*w + 4*z - x. What is the tens digit of w?
7
Let f(t) = t**2 + 19*t + 17. Let o be f(-17). Let z = 4 + o. Let v(x) = x**2 + 12*x + 12. What is the units digit of v(z)?
5
Suppose 0 = -16*k - 892 + 53500. What is the hundreds digit of k?
2
Let l(g) = 12 - 2*g**3 - 17*g + 3*g**3 + 3*g**3 - 5*g**3 - 11*g**2. What is the units digit of l(-10)?
2
What is the units digit of ((-3)/(-9))/(1/(4 - -1031))?
5
Suppose -d + 73 = 265. What is the units digit of (16/(-6))/(8/d)?
4
Suppose 6*h + 980 - 3260 = 0. What is the units digit of h?
0
Let d(n) = 5*n + 1. Let c(k) = -13*k - 9. Let r(a) = -6*a - 5. Let p(l) = 3*c(l) - 5*r(l). Let m(x) = 7*d(x) + 3*p(x). What is the units digit of m(4)?
3
Let f(s) = 3*s**2 - 5*s - 79. What is the units digit of f(-8)?
3
Let b be (0 + 0)/((-2)/1). Suppose 12 = -4*i - 2*w, -2*w = -i - b*i - 8. What is the units digit of 17*((-12)/i - 2)?
7
Let b(f) = -8*f. Let u be b(0). Suppose 72 = i - u*i - 3*r, 2*i = 2*r + 144. What is the units digit of i?
2
Let c be 8/(-8) + (-66)/(-2). Let s = c - 27. Suppose -i = 3*g - 12, s*i - 4*g - g - 60 = 0. What is the units digit of i?
2
Let n(o) = o**3 + 3*o**2 + 5*o - 2. Let f be n(-3). What is the tens digit of 1/(2/220) - (f + 18)?
0
Suppose -18*b - 25896 + 72552 = 0. What is the thousands digit of b?
2
Let g be (-3)/15 + (-63)/(-15). Suppose -n + 3*n = 5*b - 11, g*n - 2*b - 2 = 0. Suppose -r + 12 = n*r. What is the units digit of r?
4
Let x = -98 + 142. Let b = x + -11. What is the tens digit of b?
3
Let r = -49 + 98. What is the tens digit of r?
4
Let u = 1051 + -451. What is the hundreds digit of u?
6
Let w(k) = 4*k - 27. Let p be w(8). Suppose -f = -5*